{"id":35183,"date":"2023-02-01T11:10:43","date_gmt":"2023-02-01T11:10:43","guid":{"rendered":"https:\/\/bodega.canfeliu.es\/tienda\/?post_type=product&#038;p=35183"},"modified":"2025-03-31T10:23:19","modified_gmt":"2025-03-31T10:23:19","slug":"ale-de-cabernet-2019","status":"publish","type":"product","link":"https:\/\/bodega.canfeliu.es\/tienda\/producto\/ale-de-cabernet-2019\/","title":{"rendered":"Cabernet Can Feliu 2021"},"content":{"rendered":"","protected":false},"excerpt":{"rendered":"<p><span style=\"font-weight: 400;\"><strong>NOMBRE<\/strong>: <span data-sheets-value=\"{&quot;1&quot;:2,&quot;2&quot;:&quot;Binerbo Amphorae 2019&quot;}\" data-sheets-userformat=\"{&quot;2&quot;:14465,&quot;3&quot;:{&quot;1&quot;:0,&quot;3&quot;:1},&quot;10&quot;:1,&quot;14&quot;:{&quot;1&quot;:2,&quot;2&quot;:9778740},&quot;15&quot;:&quot;cidfont+f1&quot;,&quot;16&quot;:18}\">Al\u00e8 de Cabertet 2020<\/span><\/span><\/p>\n<p><span style=\"font-weight: 400;\"><strong>ORIGEN<\/strong>: IGP Vi de la Terra de Mallorca<\/span><\/p>\n<p><span style=\"font-weight: 400;\"><strong>TIPO DE VINO<\/strong>: Vino tinto<\/span><\/p>\n<p><span style=\"font-weight: 400;\"><strong>VARIEDADES<\/strong>: Cabernet Sauvignon 100%<\/span><\/p>\n<p><span style=\"font-weight: 400;\"><strong>A\u00d1ADA<\/strong>: 2020<\/span><\/p>\n<p><span style=\"font-weight: 400;\"><strong>PROCESO DE ELABORACI\u00d3N<\/strong>: Uva seleccionada y mano en vi\u00f1edos situados en Porreres (Mallorca \u2013 Islas Baleares). La uva se recoge en cajas de 15 \u2013 20 kg. de capacidad y es trasladada de manera inmediata a la bodega, donde se almacenan en c\u00e1mara de fr\u00edo durante 24 \u2013 48 horas a menos de 5\u1d52 C, para evitar fermentaciones anticipadas.<br \/>\nM\u00e9todos de elaboraci\u00f3n tradicional, sin adici\u00f3n de levaduras ni bacterias (seg\u00fan condiciones definidas por DEMETER INTERNACIONAL). Fermentaci\u00f3n y crianza a temperatura controlada.<\/span><\/p>\n<p><strong>ENVEJECIMIENTO Y CRIANZA<\/strong><\/p>\n<p>12-15 meses de crianza en barrica nueva de roble franc\u00e9s.<\/p>\n<p><strong>AN\u00c1LISIS SENSORIAL:<\/strong><\/p>\n<p><strong>Fase Visual<\/strong>: Rojo cereza picota con ribetes viol\u00e1ceos. Capa media \u2013 alta.<\/p>\n<p><strong>Fase olfativa<\/strong>: \u00a0Afloran aromas intensos de fruta negra madura, adem\u00e1s de un toque levemente especiado. Posteriormente se aprecia un toque ligeramente ahumado y torrefacto aportado por el paso por barrica.<\/p>\n<p><strong>Fase gustativa<\/strong>: Corpulento, con taninos suaves y aterciopelados recubiertos por frutas negras maduras que emergen a trav\u00e9s del largo final.<\/p>\n<p>&nbsp;<\/p>\n<p><strong>Temperatura de servicio<\/strong>: 15 \u2013 17 C aproximadamente.<\/p>\n<p><strong>Maridaje y armon\u00eda<\/strong>: carnes de caza y aves, incluso pescado. Tambi\u00e9n pastas y arroces.<\/p>\n","protected":false},"featured_media":35197,"comment_status":"open","ping_status":"closed","template":"","meta":[],"product_cat":[271],"product_tag":[],"class_list":{"0":"post-35183","1":"product","2":"type-product","3":"status-publish","4":"has-post-thumbnail","6":"product_cat-vinos-tinto","8":"first","9":"outofstock","10":"shipping-taxable","11":"purchasable","12":"product-type-simple"},"yoast_head":"<!-- This site is optimized with the Yoast SEO plugin v23.5 - https:\/\/yoast.com\/wordpress\/plugins\/seo\/ -->\n<title>Cabernet Can Feliu 2021 - Bodega Can Feliu<\/title>\n<meta name=\"robots\" content=\"index, follow, max-snippet:-1, max-image-preview:large, max-video-preview:-1\" \/>\n<link rel=\"canonical\" href=\"https:\/\/bodega.canfeliu.es\/tienda\/producto\/ale-de-cabernet-2019\/\" \/>\n<meta property=\"og:locale\" content=\"es_ES\" \/>\n<meta property=\"og:type\" content=\"article\" \/>\n<meta property=\"og:title\" content=\"Cabernet Can Feliu 2021 - Bodega Can Feliu\" \/>\n<meta property=\"og:description\" content=\"NOMBRE: Al\u00e8 de Cabertet 2020  ORIGEN: IGP Vi de la Terra de Mallorca  TIPO DE VINO: Vino tinto  VARIEDADES: Cabernet Sauvignon 100%  A\u00d1ADA: 2020  PROCESO DE ELABORACI\u00d3N: Uva seleccionada y mano en vi\u00f1edos situados en Porreres (Mallorca \u2013 Islas Baleares). La uva se recoge en cajas de 15 \u2013 20 kg. de capacidad y es trasladada de manera inmediata a la bodega, donde se almacenan en c\u00e1mara de fr\u00edo durante 24 \u2013 48 horas a menos de 5\u1d52 C, para evitar fermentaciones anticipadas. M\u00e9todos de elaboraci\u00f3n tradicional, sin adici\u00f3n de levaduras ni bacterias (seg\u00fan condiciones definidas por DEMETER INTERNACIONAL). Fermentaci\u00f3n y crianza a temperatura controlada.  ENVEJECIMIENTO Y CRIANZA  12-15 meses de crianza en barrica nueva de roble franc\u00e9s.  AN\u00c1LISIS SENSORIAL:  Fase Visual: Rojo cereza picota con ribetes viol\u00e1ceos. Capa media \u2013 alta.  Fase olfativa: \u00a0Afloran aromas intensos de fruta negra madura, adem\u00e1s de un toque levemente especiado. Posteriormente se aprecia un toque ligeramente ahumado y torrefacto aportado por el paso por barrica.  Fase gustativa: Corpulento, con taninos suaves y aterciopelados recubiertos por frutas negras maduras que emergen a trav\u00e9s del largo final.  &nbsp;  Temperatura de servicio: 15 \u2013 17 C aproximadamente.  Maridaje y armon\u00eda: carnes de caza y aves, incluso pescado. Tambi\u00e9n pastas y arroces.\" \/>\n<meta property=\"og:url\" content=\"https:\/\/bodega.canfeliu.es\/tienda\/producto\/ale-de-cabernet-2019\/\" \/>\n<meta property=\"og:site_name\" content=\"Bodega Can Feliu\" \/>\n<meta property=\"article:publisher\" content=\"https:\/\/www.facebook.com\/destileriasjordiperello\" \/>\n<meta property=\"article:modified_time\" content=\"2025-03-31T10:23:19+00:00\" \/>\n<meta property=\"og:image\" content=\"https:\/\/bodega.canfeliu.es\/wp-content\/uploads\/Bbodega-can-feliu-ale-cabernet-vino-tinto-mallorca-e1683800553233.jpg\" \/>\n\t<meta property=\"og:image:width\" content=\"372\" \/>\n\t<meta property=\"og:image:height\" content=\"600\" \/>\n\t<meta property=\"og:image:type\" content=\"image\/jpeg\" \/>\n<meta name=\"twitter:card\" content=\"summary_large_image\" \/>\n<meta name=\"twitter:site\" content=\"@trescaires\" \/>\n<meta name=\"twitter:label1\" content=\"Tiempo de lectura\" \/>\n\t<meta name=\"twitter:data1\" content=\"1 minuto\" \/>\n<script type=\"application\/ld+json\" class=\"yoast-schema-graph\">{\"@context\":\"https:\/\/schema.org\",\"@graph\":[{\"@type\":\"WebPage\",\"@id\":\"https:\/\/bodega.canfeliu.es\/tienda\/producto\/ale-de-cabernet-2019\/\",\"url\":\"https:\/\/bodega.canfeliu.es\/tienda\/producto\/ale-de-cabernet-2019\/\",\"name\":\"Cabernet Can Feliu 2021 - Bodega Can Feliu\",\"isPartOf\":{\"@id\":\"https:\/\/bodega.canfeliu.es\/tienda\/#website\"},\"primaryImageOfPage\":{\"@id\":\"https:\/\/bodega.canfeliu.es\/tienda\/producto\/ale-de-cabernet-2019\/#primaryimage\"},\"image\":{\"@id\":\"https:\/\/bodega.canfeliu.es\/tienda\/producto\/ale-de-cabernet-2019\/#primaryimage\"},\"thumbnailUrl\":\"https:\/\/bodega.canfeliu.es\/wp-content\/uploads\/Bbodega-can-feliu-ale-cabernet-vino-tinto-mallorca-e1683800553233.jpg\",\"datePublished\":\"2023-02-01T11:10:43+00:00\",\"dateModified\":\"2025-03-31T10:23:19+00:00\",\"breadcrumb\":{\"@id\":\"https:\/\/bodega.canfeliu.es\/tienda\/producto\/ale-de-cabernet-2019\/#breadcrumb\"},\"inLanguage\":\"es\",\"potentialAction\":[{\"@type\":\"ReadAction\",\"target\":[\"https:\/\/bodega.canfeliu.es\/tienda\/producto\/ale-de-cabernet-2019\/\"]}]},{\"@type\":\"ImageObject\",\"inLanguage\":\"es\",\"@id\":\"https:\/\/bodega.canfeliu.es\/tienda\/producto\/ale-de-cabernet-2019\/#primaryimage\",\"url\":\"https:\/\/bodega.canfeliu.es\/wp-content\/uploads\/Bbodega-can-feliu-ale-cabernet-vino-tinto-mallorca-e1683800553233.jpg\",\"contentUrl\":\"https:\/\/bodega.canfeliu.es\/wp-content\/uploads\/Bbodega-can-feliu-ale-cabernet-vino-tinto-mallorca-e1683800553233.jpg\",\"width\":372,\"height\":600},{\"@type\":\"BreadcrumbList\",\"@id\":\"https:\/\/bodega.canfeliu.es\/tienda\/producto\/ale-de-cabernet-2019\/#breadcrumb\",\"itemListElement\":[{\"@type\":\"ListItem\",\"position\":1,\"name\":\"Home\",\"item\":\"https:\/\/bodega.canfeliu.es\/tienda\/\"},{\"@type\":\"ListItem\",\"position\":2,\"name\":\"Tienda\",\"item\":\"https:\/\/bodega.canfeliu.es\/tienda\/\"},{\"@type\":\"ListItem\",\"position\":3,\"name\":\"Cabernet Can Feliu 2021\"}]},{\"@type\":\"WebSite\",\"@id\":\"https:\/\/bodega.canfeliu.es\/tienda\/#website\",\"url\":\"https:\/\/bodega.canfeliu.es\/tienda\/\",\"name\":\"Tienda Online - Bodega Can Feliu\",\"description\":\"Tienda de vinos de Can Feliu\",\"publisher\":{\"@id\":\"https:\/\/bodega.canfeliu.es\/tienda\/#organization\"},\"potentialAction\":[{\"@type\":\"SearchAction\",\"target\":{\"@type\":\"EntryPoint\",\"urlTemplate\":\"https:\/\/bodega.canfeliu.es\/tienda\/?s={search_term_string}\"},\"query-input\":{\"@type\":\"PropertyValueSpecification\",\"valueRequired\":true,\"valueName\":\"search_term_string\"}}],\"inLanguage\":\"es\"},{\"@type\":\"Organization\",\"@id\":\"https:\/\/bodega.canfeliu.es\/tienda\/#organization\",\"name\":\"Bodega Can Feliu\",\"url\":\"https:\/\/bodega.canfeliu.es\/tienda\/\",\"logo\":{\"@type\":\"ImageObject\",\"inLanguage\":\"es\",\"@id\":\"https:\/\/bodega.canfeliu.es\/tienda\/#\/schema\/logo\/image\/\",\"url\":\"https:\/\/bodega.canfeliu.es\/wp-content\/uploads\/CANFELIU.png\",\"contentUrl\":\"https:\/\/bodega.canfeliu.es\/wp-content\/uploads\/CANFELIU.png\",\"width\":971,\"height\":679,\"caption\":\"Bodega Can Feliu\"},\"image\":{\"@id\":\"https:\/\/bodega.canfeliu.es\/tienda\/#\/schema\/logo\/image\/\"},\"sameAs\":[\"https:\/\/www.facebook.com\/destileriasjordiperello\",\"https:\/\/x.com\/trescaires\",\"https:\/\/www.instagram.com\/3caires\/\",\"https:\/\/www.youtube.com\/channel\/UC6ap8Z44twW0MjR2lQ6WeEw\"]}]}<\/script>\n<!-- \/ Yoast SEO plugin. -->","yoast_head_json":{"title":"Cabernet Can Feliu 2021 - Bodega Can Feliu","robots":{"index":"index","follow":"follow","max-snippet":"max-snippet:-1","max-image-preview":"max-image-preview:large","max-video-preview":"max-video-preview:-1"},"canonical":"https:\/\/bodega.canfeliu.es\/tienda\/producto\/ale-de-cabernet-2019\/","og_locale":"es_ES","og_type":"article","og_title":"Cabernet Can Feliu 2021 - Bodega Can Feliu","og_description":"NOMBRE: Al\u00e8 de Cabertet 2020  ORIGEN: IGP Vi de la Terra de Mallorca  TIPO DE VINO: Vino tinto  VARIEDADES: Cabernet Sauvignon 100%  A\u00d1ADA: 2020  PROCESO DE ELABORACI\u00d3N: Uva seleccionada y mano en vi\u00f1edos situados en Porreres (Mallorca \u2013 Islas Baleares). La uva se recoge en cajas de 15 \u2013 20 kg. de capacidad y es trasladada de manera inmediata a la bodega, donde se almacenan en c\u00e1mara de fr\u00edo durante 24 \u2013 48 horas a menos de 5\u1d52 C, para evitar fermentaciones anticipadas. M\u00e9todos de elaboraci\u00f3n tradicional, sin adici\u00f3n de levaduras ni bacterias (seg\u00fan condiciones definidas por DEMETER INTERNACIONAL). Fermentaci\u00f3n y crianza a temperatura controlada.  ENVEJECIMIENTO Y CRIANZA  12-15 meses de crianza en barrica nueva de roble franc\u00e9s.  AN\u00c1LISIS SENSORIAL:  Fase Visual: Rojo cereza picota con ribetes viol\u00e1ceos. Capa media \u2013 alta.  Fase olfativa: \u00a0Afloran aromas intensos de fruta negra madura, adem\u00e1s de un toque levemente especiado. Posteriormente se aprecia un toque ligeramente ahumado y torrefacto aportado por el paso por barrica.  Fase gustativa: Corpulento, con taninos suaves y aterciopelados recubiertos por frutas negras maduras que emergen a trav\u00e9s del largo final.  &nbsp;  Temperatura de servicio: 15 \u2013 17 C aproximadamente.  Maridaje y armon\u00eda: carnes de caza y aves, incluso pescado. Tambi\u00e9n pastas y arroces.","og_url":"https:\/\/bodega.canfeliu.es\/tienda\/producto\/ale-de-cabernet-2019\/","og_site_name":"Bodega Can Feliu","article_publisher":"https:\/\/www.facebook.com\/destileriasjordiperello","article_modified_time":"2025-03-31T10:23:19+00:00","og_image":[{"width":372,"height":600,"url":"https:\/\/bodega.canfeliu.es\/wp-content\/uploads\/Bbodega-can-feliu-ale-cabernet-vino-tinto-mallorca-e1683800553233.jpg","type":"image\/jpeg"}],"twitter_card":"summary_large_image","twitter_site":"@trescaires","twitter_misc":{"Tiempo de lectura":"1 minuto"},"schema":{"@context":"https:\/\/schema.org","@graph":[{"@type":"WebPage","@id":"https:\/\/bodega.canfeliu.es\/tienda\/producto\/ale-de-cabernet-2019\/","url":"https:\/\/bodega.canfeliu.es\/tienda\/producto\/ale-de-cabernet-2019\/","name":"Cabernet Can Feliu 2021 - Bodega Can Feliu","isPartOf":{"@id":"https:\/\/bodega.canfeliu.es\/tienda\/#website"},"primaryImageOfPage":{"@id":"https:\/\/bodega.canfeliu.es\/tienda\/producto\/ale-de-cabernet-2019\/#primaryimage"},"image":{"@id":"https:\/\/bodega.canfeliu.es\/tienda\/producto\/ale-de-cabernet-2019\/#primaryimage"},"thumbnailUrl":"https:\/\/bodega.canfeliu.es\/wp-content\/uploads\/Bbodega-can-feliu-ale-cabernet-vino-tinto-mallorca-e1683800553233.jpg","datePublished":"2023-02-01T11:10:43+00:00","dateModified":"2025-03-31T10:23:19+00:00","breadcrumb":{"@id":"https:\/\/bodega.canfeliu.es\/tienda\/producto\/ale-de-cabernet-2019\/#breadcrumb"},"inLanguage":"es","potentialAction":[{"@type":"ReadAction","target":["https:\/\/bodega.canfeliu.es\/tienda\/producto\/ale-de-cabernet-2019\/"]}]},{"@type":"ImageObject","inLanguage":"es","@id":"https:\/\/bodega.canfeliu.es\/tienda\/producto\/ale-de-cabernet-2019\/#primaryimage","url":"https:\/\/bodega.canfeliu.es\/wp-content\/uploads\/Bbodega-can-feliu-ale-cabernet-vino-tinto-mallorca-e1683800553233.jpg","contentUrl":"https:\/\/bodega.canfeliu.es\/wp-content\/uploads\/Bbodega-can-feliu-ale-cabernet-vino-tinto-mallorca-e1683800553233.jpg","width":372,"height":600},{"@type":"BreadcrumbList","@id":"https:\/\/bodega.canfeliu.es\/tienda\/producto\/ale-de-cabernet-2019\/#breadcrumb","itemListElement":[{"@type":"ListItem","position":1,"name":"Home","item":"https:\/\/bodega.canfeliu.es\/tienda\/"},{"@type":"ListItem","position":2,"name":"Tienda","item":"https:\/\/bodega.canfeliu.es\/tienda\/"},{"@type":"ListItem","position":3,"name":"Cabernet Can Feliu 2021"}]},{"@type":"WebSite","@id":"https:\/\/bodega.canfeliu.es\/tienda\/#website","url":"https:\/\/bodega.canfeliu.es\/tienda\/","name":"Tienda Online - Bodega Can Feliu","description":"Tienda de vinos de Can Feliu","publisher":{"@id":"https:\/\/bodega.canfeliu.es\/tienda\/#organization"},"potentialAction":[{"@type":"SearchAction","target":{"@type":"EntryPoint","urlTemplate":"https:\/\/bodega.canfeliu.es\/tienda\/?s={search_term_string}"},"query-input":{"@type":"PropertyValueSpecification","valueRequired":true,"valueName":"search_term_string"}}],"inLanguage":"es"},{"@type":"Organization","@id":"https:\/\/bodega.canfeliu.es\/tienda\/#organization","name":"Bodega Can Feliu","url":"https:\/\/bodega.canfeliu.es\/tienda\/","logo":{"@type":"ImageObject","inLanguage":"es","@id":"https:\/\/bodega.canfeliu.es\/tienda\/#\/schema\/logo\/image\/","url":"https:\/\/bodega.canfeliu.es\/wp-content\/uploads\/CANFELIU.png","contentUrl":"https:\/\/bodega.canfeliu.es\/wp-content\/uploads\/CANFELIU.png","width":971,"height":679,"caption":"Bodega Can Feliu"},"image":{"@id":"https:\/\/bodega.canfeliu.es\/tienda\/#\/schema\/logo\/image\/"},"sameAs":["https:\/\/www.facebook.com\/destileriasjordiperello","https:\/\/x.com\/trescaires","https:\/\/www.instagram.com\/3caires\/","https:\/\/www.youtube.com\/channel\/UC6ap8Z44twW0MjR2lQ6WeEw"]}]}},"_links":{"self":[{"href":"https:\/\/bodega.canfeliu.es\/tienda\/wp-json\/wp\/v2\/product\/35183","targetHints":{"allow":["GET"]}}],"collection":[{"href":"https:\/\/bodega.canfeliu.es\/tienda\/wp-json\/wp\/v2\/product"}],"about":[{"href":"https:\/\/bodega.canfeliu.es\/tienda\/wp-json\/wp\/v2\/types\/product"}],"replies":[{"embeddable":true,"href":"https:\/\/bodega.canfeliu.es\/tienda\/wp-json\/wp\/v2\/comments?post=35183"}],"version-history":[{"count":7,"href":"https:\/\/bodega.canfeliu.es\/tienda\/wp-json\/wp\/v2\/product\/35183\/revisions"}],"predecessor-version":[{"id":35374,"href":"https:\/\/bodega.canfeliu.es\/tienda\/wp-json\/wp\/v2\/product\/35183\/revisions\/35374"}],"wp:featuredmedia":[{"embeddable":true,"href":"https:\/\/bodega.canfeliu.es\/tienda\/wp-json\/wp\/v2\/media\/35197"}],"wp:attachment":[{"href":"https:\/\/bodega.canfeliu.es\/tienda\/wp-json\/wp\/v2\/media?parent=35183"}],"wp:term":[{"taxonomy":"product_cat","embeddable":true,"href":"https:\/\/bodega.canfeliu.es\/tienda\/wp-json\/wp\/v2\/product_cat?post=35183"},{"taxonomy":"product_tag","embeddable":true,"href":"https:\/\/bodega.canfeliu.es\/tienda\/wp-json\/wp\/v2\/product_tag?post=35183"}],"curies":[{"name":"wp","href":"https:\/\/api.w.org\/{rel}","templated":true}]}}