{"id":35357,"date":"2024-10-08T08:13:38","date_gmt":"2024-10-08T08:13:38","guid":{"rendered":"https:\/\/bodega.canfeliu.es\/tienda\/?post_type=product&#038;p=35357"},"modified":"2024-10-31T13:41:39","modified_gmt":"2024-10-31T13:41:39","slug":"blanc-dalens-2023","status":"publish","type":"product","link":"https:\/\/bodega.canfeliu.es\/tienda\/producto\/blanc-dalens-2023\/","title":{"rendered":"Blanc d\u2019Alens 2023"},"content":{"rendered":"","protected":false},"excerpt":{"rendered":"<p><span style=\"font-weight: 400;\"><strong>NOMBRE:<\/strong> Blanc d\u2019Alens 2023<\/span><\/p>\n<p><span style=\"font-weight: 400;\"><strong>ORIGEN<\/strong>: IGP Vi de la Terra de Mallorca.<\/span><\/p>\n<p><span style=\"font-weight: 400;\"><strong>TIPO DE VINO<\/strong>: Vino joven blanco tranquilo.<\/span><\/p>\n<p><span style=\"font-weight: 400;\"><strong>VARIEDAD<\/strong>: Chardonnay, Sauvignon Blanc y Viognier.<\/span><\/p>\n<p><span style=\"font-weight: 400;\"><strong>COSECHA<\/strong>: El Verano del 2023 fue seco y suave, perfecto para la maduraci\u00f3n y condiciones fitosanitarias de la uva. El Sauvignon. <\/span><span style=\"font-weight: 400;\">Blanc fue vendimiado la primera semana de Agosto.<\/span><\/p>\n<p><span style=\"font-weight: 400;\"><strong>GRADUACI\u00d3N:<\/strong> 13,5% vol.<\/span><\/p>\n<p><span style=\"font-weight: 400;\"><strong>PROCESO DE ELABORACI\u00d3N<\/strong>: Las uvas fueron seleccionadas y <\/span><span style=\"font-weight: 400;\">cosechadas a mano en los vi\u00f1edos cercanos a la bodega, en <\/span><span style=\"font-weight: 400;\">Porreres (Mallorca &#8211; Islas Baleares). Se utilizaron m\u00e9todos <\/span><span style=\"font-weight: 400;\">tradicionales sin adici\u00f3n de levaduras ni bacterias, s\u00f3lo con <\/span><span style=\"font-weight: 400;\">fermentaci\u00f3n espont\u00e1nea respetando las reglas definidas por <\/span><span style=\"font-weight: 400;\">Demeter. La fermentaci\u00f3n por temperatura controlada de las <\/span><span style=\"font-weight: 400;\">variedades en dep\u00f3sitos de acero inoxidable se hac\u00eda por separado, mezcl\u00e1ndolas al final del proceso.<\/span><\/p>\n<p>&nbsp;<\/p>\n<p><strong>FASE VISUAL<\/strong>: Amarillo p\u00e1lido con reflejos dorados. Limpio y brillante.<\/p>\n<p><strong>FASE OLFATIVA<\/strong>: Intensos aromas a hierbas mediterr\u00e1neas, tomillo, enebro, hinojo, flores blancas frescas, propias de la variedad Chardonnay y los lichees t\u00edpicos de la uva Viognier.<\/p>\n<p><strong>FASE GUSTATIVA<\/strong>: Tiene una entrada fresca y frutal, de paso equilibrado, con un final de boca amplio que invita a seguir bebiendo.<\/p>\n","protected":false},"featured_media":35046,"comment_status":"open","ping_status":"closed","template":"","meta":[],"product_cat":[157],"product_tag":[],"class_list":{"0":"post-35357","1":"product","2":"type-product","3":"status-publish","4":"has-post-thumbnail","6":"product_cat-vino-blanco","8":"first","9":"instock","10":"shipping-taxable","11":"purchasable","12":"product-type-simple"},"yoast_head":"<!-- This site is optimized with the Yoast SEO plugin v23.5 - https:\/\/yoast.com\/wordpress\/plugins\/seo\/ -->\n<title>Blanc d\u2019Alens 2023 - Bodega Can Feliu<\/title>\n<meta name=\"robots\" content=\"index, follow, max-snippet:-1, max-image-preview:large, max-video-preview:-1\" \/>\n<link rel=\"canonical\" href=\"https:\/\/bodega.canfeliu.es\/tienda\/producto\/blanc-dalens-2023\/\" \/>\n<meta property=\"og:locale\" content=\"es_ES\" \/>\n<meta property=\"og:type\" content=\"article\" \/>\n<meta property=\"og:title\" content=\"Blanc d\u2019Alens 2023 - Bodega Can Feliu\" \/>\n<meta property=\"og:description\" content=\"NOMBRE: Blanc d\u2019Alens 2023  ORIGEN: IGP Vi de la Terra de Mallorca.  TIPO DE VINO: Vino joven blanco tranquilo.  VARIEDAD: Chardonnay, Sauvignon Blanc y Viognier.  COSECHA: El Verano del 2023 fue seco y suave, perfecto para la maduraci\u00f3n y condiciones fitosanitarias de la uva. El Sauvignon. Blanc fue vendimiado la primera semana de Agosto.  GRADUACI\u00d3N: 13,5% vol.  PROCESO DE ELABORACI\u00d3N: Las uvas fueron seleccionadas y cosechadas a mano en los vi\u00f1edos cercanos a la bodega, en Porreres (Mallorca - Islas Baleares). Se utilizaron m\u00e9todos tradicionales sin adici\u00f3n de levaduras ni bacterias, s\u00f3lo con fermentaci\u00f3n espont\u00e1nea respetando las reglas definidas por Demeter. La fermentaci\u00f3n por temperatura controlada de las variedades en dep\u00f3sitos de acero inoxidable se hac\u00eda por separado, mezcl\u00e1ndolas al final del proceso.  &nbsp;  FASE VISUAL: Amarillo p\u00e1lido con reflejos dorados. Limpio y brillante.  FASE OLFATIVA: Intensos aromas a hierbas mediterr\u00e1neas, tomillo, enebro, hinojo, flores blancas frescas, propias de la variedad Chardonnay y los lichees t\u00edpicos de la uva Viognier.  FASE GUSTATIVA: Tiene una entrada fresca y frutal, de paso equilibrado, con un final de boca amplio que invita a seguir bebiendo.\" \/>\n<meta property=\"og:url\" content=\"https:\/\/bodega.canfeliu.es\/tienda\/producto\/blanc-dalens-2023\/\" \/>\n<meta property=\"og:site_name\" content=\"Bodega Can Feliu\" \/>\n<meta property=\"article:publisher\" content=\"https:\/\/www.facebook.com\/destileriasjordiperello\" \/>\n<meta property=\"article:modified_time\" content=\"2024-10-31T13:41:39+00:00\" \/>\n<meta property=\"og:image\" content=\"https:\/\/bodega.canfeliu.es\/wp-content\/uploads\/bodega-can-feliu-vino-blanco-mallorca-blanc-dalens-e1683802372289.jpg\" \/>\n\t<meta property=\"og:image:width\" content=\"300\" \/>\n\t<meta property=\"og:image:height\" content=\"600\" \/>\n\t<meta property=\"og:image:type\" content=\"image\/jpeg\" \/>\n<meta name=\"twitter:card\" content=\"summary_large_image\" \/>\n<meta name=\"twitter:site\" content=\"@trescaires\" \/>\n<meta name=\"twitter:label1\" content=\"Tiempo de lectura\" \/>\n\t<meta name=\"twitter:data1\" content=\"1 minuto\" \/>\n<script type=\"application\/ld+json\" class=\"yoast-schema-graph\">{\"@context\":\"https:\/\/schema.org\",\"@graph\":[{\"@type\":\"WebPage\",\"@id\":\"https:\/\/bodega.canfeliu.es\/tienda\/producto\/blanc-dalens-2023\/\",\"url\":\"https:\/\/bodega.canfeliu.es\/tienda\/producto\/blanc-dalens-2023\/\",\"name\":\"Blanc d\u2019Alens 2023 - Bodega Can Feliu\",\"isPartOf\":{\"@id\":\"https:\/\/bodega.canfeliu.es\/tienda\/#website\"},\"primaryImageOfPage\":{\"@id\":\"https:\/\/bodega.canfeliu.es\/tienda\/producto\/blanc-dalens-2023\/#primaryimage\"},\"image\":{\"@id\":\"https:\/\/bodega.canfeliu.es\/tienda\/producto\/blanc-dalens-2023\/#primaryimage\"},\"thumbnailUrl\":\"https:\/\/bodega.canfeliu.es\/wp-content\/uploads\/bodega-can-feliu-vino-blanco-mallorca-blanc-dalens-e1683802372289.jpg\",\"datePublished\":\"2024-10-08T08:13:38+00:00\",\"dateModified\":\"2024-10-31T13:41:39+00:00\",\"breadcrumb\":{\"@id\":\"https:\/\/bodega.canfeliu.es\/tienda\/producto\/blanc-dalens-2023\/#breadcrumb\"},\"inLanguage\":\"es\",\"potentialAction\":[{\"@type\":\"ReadAction\",\"target\":[\"https:\/\/bodega.canfeliu.es\/tienda\/producto\/blanc-dalens-2023\/\"]}]},{\"@type\":\"ImageObject\",\"inLanguage\":\"es\",\"@id\":\"https:\/\/bodega.canfeliu.es\/tienda\/producto\/blanc-dalens-2023\/#primaryimage\",\"url\":\"https:\/\/bodega.canfeliu.es\/wp-content\/uploads\/bodega-can-feliu-vino-blanco-mallorca-blanc-dalens-e1683802372289.jpg\",\"contentUrl\":\"https:\/\/bodega.canfeliu.es\/wp-content\/uploads\/bodega-can-feliu-vino-blanco-mallorca-blanc-dalens-e1683802372289.jpg\",\"width\":300,\"height\":600},{\"@type\":\"BreadcrumbList\",\"@id\":\"https:\/\/bodega.canfeliu.es\/tienda\/producto\/blanc-dalens-2023\/#breadcrumb\",\"itemListElement\":[{\"@type\":\"ListItem\",\"position\":1,\"name\":\"Home\",\"item\":\"https:\/\/bodega.canfeliu.es\/tienda\/\"},{\"@type\":\"ListItem\",\"position\":2,\"name\":\"Tienda\",\"item\":\"https:\/\/bodega.canfeliu.es\/tienda\/\"},{\"@type\":\"ListItem\",\"position\":3,\"name\":\"Blanc d\u2019Alens 2023\"}]},{\"@type\":\"WebSite\",\"@id\":\"https:\/\/bodega.canfeliu.es\/tienda\/#website\",\"url\":\"https:\/\/bodega.canfeliu.es\/tienda\/\",\"name\":\"Tienda Online - Bodega Can Feliu\",\"description\":\"Tienda de vinos de Can Feliu\",\"publisher\":{\"@id\":\"https:\/\/bodega.canfeliu.es\/tienda\/#organization\"},\"potentialAction\":[{\"@type\":\"SearchAction\",\"target\":{\"@type\":\"EntryPoint\",\"urlTemplate\":\"https:\/\/bodega.canfeliu.es\/tienda\/?s={search_term_string}\"},\"query-input\":{\"@type\":\"PropertyValueSpecification\",\"valueRequired\":true,\"valueName\":\"search_term_string\"}}],\"inLanguage\":\"es\"},{\"@type\":\"Organization\",\"@id\":\"https:\/\/bodega.canfeliu.es\/tienda\/#organization\",\"name\":\"Bodega Can Feliu\",\"url\":\"https:\/\/bodega.canfeliu.es\/tienda\/\",\"logo\":{\"@type\":\"ImageObject\",\"inLanguage\":\"es\",\"@id\":\"https:\/\/bodega.canfeliu.es\/tienda\/#\/schema\/logo\/image\/\",\"url\":\"https:\/\/bodega.canfeliu.es\/wp-content\/uploads\/CANFELIU.png\",\"contentUrl\":\"https:\/\/bodega.canfeliu.es\/wp-content\/uploads\/CANFELIU.png\",\"width\":971,\"height\":679,\"caption\":\"Bodega Can Feliu\"},\"image\":{\"@id\":\"https:\/\/bodega.canfeliu.es\/tienda\/#\/schema\/logo\/image\/\"},\"sameAs\":[\"https:\/\/www.facebook.com\/destileriasjordiperello\",\"https:\/\/x.com\/trescaires\",\"https:\/\/www.instagram.com\/3caires\/\",\"https:\/\/www.youtube.com\/channel\/UC6ap8Z44twW0MjR2lQ6WeEw\"]}]}<\/script>\n<!-- \/ Yoast SEO plugin. -->","yoast_head_json":{"title":"Blanc d\u2019Alens 2023 - Bodega Can Feliu","robots":{"index":"index","follow":"follow","max-snippet":"max-snippet:-1","max-image-preview":"max-image-preview:large","max-video-preview":"max-video-preview:-1"},"canonical":"https:\/\/bodega.canfeliu.es\/tienda\/producto\/blanc-dalens-2023\/","og_locale":"es_ES","og_type":"article","og_title":"Blanc d\u2019Alens 2023 - Bodega Can Feliu","og_description":"NOMBRE: Blanc d\u2019Alens 2023  ORIGEN: IGP Vi de la Terra de Mallorca.  TIPO DE VINO: Vino joven blanco tranquilo.  VARIEDAD: Chardonnay, Sauvignon Blanc y Viognier.  COSECHA: El Verano del 2023 fue seco y suave, perfecto para la maduraci\u00f3n y condiciones fitosanitarias de la uva. El Sauvignon. Blanc fue vendimiado la primera semana de Agosto.  GRADUACI\u00d3N: 13,5% vol.  PROCESO DE ELABORACI\u00d3N: Las uvas fueron seleccionadas y cosechadas a mano en los vi\u00f1edos cercanos a la bodega, en Porreres (Mallorca - Islas Baleares). Se utilizaron m\u00e9todos tradicionales sin adici\u00f3n de levaduras ni bacterias, s\u00f3lo con fermentaci\u00f3n espont\u00e1nea respetando las reglas definidas por Demeter. La fermentaci\u00f3n por temperatura controlada de las variedades en dep\u00f3sitos de acero inoxidable se hac\u00eda por separado, mezcl\u00e1ndolas al final del proceso.  &nbsp;  FASE VISUAL: Amarillo p\u00e1lido con reflejos dorados. Limpio y brillante.  FASE OLFATIVA: Intensos aromas a hierbas mediterr\u00e1neas, tomillo, enebro, hinojo, flores blancas frescas, propias de la variedad Chardonnay y los lichees t\u00edpicos de la uva Viognier.  FASE GUSTATIVA: Tiene una entrada fresca y frutal, de paso equilibrado, con un final de boca amplio que invita a seguir bebiendo.","og_url":"https:\/\/bodega.canfeliu.es\/tienda\/producto\/blanc-dalens-2023\/","og_site_name":"Bodega Can Feliu","article_publisher":"https:\/\/www.facebook.com\/destileriasjordiperello","article_modified_time":"2024-10-31T13:41:39+00:00","og_image":[{"width":300,"height":600,"url":"https:\/\/bodega.canfeliu.es\/wp-content\/uploads\/bodega-can-feliu-vino-blanco-mallorca-blanc-dalens-e1683802372289.jpg","type":"image\/jpeg"}],"twitter_card":"summary_large_image","twitter_site":"@trescaires","twitter_misc":{"Tiempo de lectura":"1 minuto"},"schema":{"@context":"https:\/\/schema.org","@graph":[{"@type":"WebPage","@id":"https:\/\/bodega.canfeliu.es\/tienda\/producto\/blanc-dalens-2023\/","url":"https:\/\/bodega.canfeliu.es\/tienda\/producto\/blanc-dalens-2023\/","name":"Blanc d\u2019Alens 2023 - Bodega Can Feliu","isPartOf":{"@id":"https:\/\/bodega.canfeliu.es\/tienda\/#website"},"primaryImageOfPage":{"@id":"https:\/\/bodega.canfeliu.es\/tienda\/producto\/blanc-dalens-2023\/#primaryimage"},"image":{"@id":"https:\/\/bodega.canfeliu.es\/tienda\/producto\/blanc-dalens-2023\/#primaryimage"},"thumbnailUrl":"https:\/\/bodega.canfeliu.es\/wp-content\/uploads\/bodega-can-feliu-vino-blanco-mallorca-blanc-dalens-e1683802372289.jpg","datePublished":"2024-10-08T08:13:38+00:00","dateModified":"2024-10-31T13:41:39+00:00","breadcrumb":{"@id":"https:\/\/bodega.canfeliu.es\/tienda\/producto\/blanc-dalens-2023\/#breadcrumb"},"inLanguage":"es","potentialAction":[{"@type":"ReadAction","target":["https:\/\/bodega.canfeliu.es\/tienda\/producto\/blanc-dalens-2023\/"]}]},{"@type":"ImageObject","inLanguage":"es","@id":"https:\/\/bodega.canfeliu.es\/tienda\/producto\/blanc-dalens-2023\/#primaryimage","url":"https:\/\/bodega.canfeliu.es\/wp-content\/uploads\/bodega-can-feliu-vino-blanco-mallorca-blanc-dalens-e1683802372289.jpg","contentUrl":"https:\/\/bodega.canfeliu.es\/wp-content\/uploads\/bodega-can-feliu-vino-blanco-mallorca-blanc-dalens-e1683802372289.jpg","width":300,"height":600},{"@type":"BreadcrumbList","@id":"https:\/\/bodega.canfeliu.es\/tienda\/producto\/blanc-dalens-2023\/#breadcrumb","itemListElement":[{"@type":"ListItem","position":1,"name":"Home","item":"https:\/\/bodega.canfeliu.es\/tienda\/"},{"@type":"ListItem","position":2,"name":"Tienda","item":"https:\/\/bodega.canfeliu.es\/tienda\/"},{"@type":"ListItem","position":3,"name":"Blanc d\u2019Alens 2023"}]},{"@type":"WebSite","@id":"https:\/\/bodega.canfeliu.es\/tienda\/#website","url":"https:\/\/bodega.canfeliu.es\/tienda\/","name":"Tienda Online - Bodega Can Feliu","description":"Tienda de vinos de Can Feliu","publisher":{"@id":"https:\/\/bodega.canfeliu.es\/tienda\/#organization"},"potentialAction":[{"@type":"SearchAction","target":{"@type":"EntryPoint","urlTemplate":"https:\/\/bodega.canfeliu.es\/tienda\/?s={search_term_string}"},"query-input":{"@type":"PropertyValueSpecification","valueRequired":true,"valueName":"search_term_string"}}],"inLanguage":"es"},{"@type":"Organization","@id":"https:\/\/bodega.canfeliu.es\/tienda\/#organization","name":"Bodega Can Feliu","url":"https:\/\/bodega.canfeliu.es\/tienda\/","logo":{"@type":"ImageObject","inLanguage":"es","@id":"https:\/\/bodega.canfeliu.es\/tienda\/#\/schema\/logo\/image\/","url":"https:\/\/bodega.canfeliu.es\/wp-content\/uploads\/CANFELIU.png","contentUrl":"https:\/\/bodega.canfeliu.es\/wp-content\/uploads\/CANFELIU.png","width":971,"height":679,"caption":"Bodega Can Feliu"},"image":{"@id":"https:\/\/bodega.canfeliu.es\/tienda\/#\/schema\/logo\/image\/"},"sameAs":["https:\/\/www.facebook.com\/destileriasjordiperello","https:\/\/x.com\/trescaires","https:\/\/www.instagram.com\/3caires\/","https:\/\/www.youtube.com\/channel\/UC6ap8Z44twW0MjR2lQ6WeEw"]}]}},"_links":{"self":[{"href":"https:\/\/bodega.canfeliu.es\/tienda\/wp-json\/wp\/v2\/product\/35357","targetHints":{"allow":["GET"]}}],"collection":[{"href":"https:\/\/bodega.canfeliu.es\/tienda\/wp-json\/wp\/v2\/product"}],"about":[{"href":"https:\/\/bodega.canfeliu.es\/tienda\/wp-json\/wp\/v2\/types\/product"}],"replies":[{"embeddable":true,"href":"https:\/\/bodega.canfeliu.es\/tienda\/wp-json\/wp\/v2\/comments?post=35357"}],"version-history":[{"count":3,"href":"https:\/\/bodega.canfeliu.es\/tienda\/wp-json\/wp\/v2\/product\/35357\/revisions"}],"predecessor-version":[{"id":35360,"href":"https:\/\/bodega.canfeliu.es\/tienda\/wp-json\/wp\/v2\/product\/35357\/revisions\/35360"}],"wp:featuredmedia":[{"embeddable":true,"href":"https:\/\/bodega.canfeliu.es\/tienda\/wp-json\/wp\/v2\/media\/35046"}],"wp:attachment":[{"href":"https:\/\/bodega.canfeliu.es\/tienda\/wp-json\/wp\/v2\/media?parent=35357"}],"wp:term":[{"taxonomy":"product_cat","embeddable":true,"href":"https:\/\/bodega.canfeliu.es\/tienda\/wp-json\/wp\/v2\/product_cat?post=35357"},{"taxonomy":"product_tag","embeddable":true,"href":"https:\/\/bodega.canfeliu.es\/tienda\/wp-json\/wp\/v2\/product_tag?post=35357"}],"curies":[{"name":"wp","href":"https:\/\/api.w.org\/{rel}","templated":true}]}}